7
What are the prime factors of 3279486564?
2, 3, 19, 37, 101, 1283
List the prime factors of 782965458.
2, 3, 11, 3954371
List the prime factors of 433715130.
2, 3, 5, 97, 49681
What are the prime factors of 40368327?
3, 13456109
What are the prime factors of 43046310?
2, 3, 5, 41, 79, 443
List the prime factors of 24431539.
11, 499, 4451
What are the prime factors of 5173007754?
2, 3, 19, 45377261
List the prime factors of 644261423.
13, 49558571
List the prime factors of 18971652.
2, 3, 7, 19, 11887
List the prime factors of 361422199.
19, 2111, 9011
List the prime factors of 173738588.
2, 83, 109, 4801
List the prime factors of 5301444468.
2, 3, 79, 269, 20789
List the prime factors of 339910112.
2, 10622191
List the prime factors of 354425153.
29, 421433
List the prime factors of 37719249.
3, 12573083
List the prime factors of 5405482067.
5405482067
What are the prime factors of 1079705005?
5, 1201, 179801
List the prime factors of 129930709.
129930709
What are the prime factors of 7262866226?
2, 7, 11, 47161469
What are the prime factors of 1216230983?
11, 17, 19, 467, 733
List the prime factors of 4386447986.
2, 2193223993
List the prime factors of 511602987.
3, 7, 19, 1282213
What are the prime factors of 135685894?
2, 67842947
What are the prime factors of 359857748?
2, 101, 890737
What are the prime factors of 969368416?
2, 30292763
What are the prime factors of 92034426?
2, 3, 11, 227, 6143
What are the prime factors of 131390350?
2, 5, 7, 13, 67, 431
What are the prime factors of 108582915?
3, 5, 7, 1034123
List the prime factors of 2264729233.
13, 174209941
List the prime factors of 856218387.
3, 61, 73, 107, 599
What are the prime factors of 93813848?
2, 11726731
List the prime factors of 135414435.
3, 5, 13, 17, 40849
List the prime factors of 7355198316.
2, 3, 612933193
What are the prime factors of 4140847750?
2, 5, 13, 61, 20887
What are the prime factors of 310815864?
2, 3, 4316887
What are the prime factors of 115188027?
3, 53, 724453
What are the prime factors of 2926375676?
2, 7, 104513417
List the prime factors of 195969115.
5, 17, 1123, 2053
List the prime factors of 4227150.
2, 3, 5, 28181
What are the prime factors of 179137135?
5, 101, 354727
List the prime factors of 150209435.
5, 23, 1306169
List the prime factors of 74428062.
2, 3, 12404677
What are the prime factors of 26724827?
23, 1161949
List the prime factors of 346112926.
2, 173056463
What are the prime factors of 22299851?
7, 455099
What are the prime factors of 4064743?
503, 8081
List the prime factors of 46071749.
29, 1588681
What are the prime factors of 577973585?
5, 7, 16513531
What are the prime factors of 39853428?
2, 3, 3321119
List the prime factors of 170148899.
383, 444253
What are the prime factors of 144273109?
157, 181, 5077
List the prime factors of 3272314089.
3, 11, 31, 3198743
What are the prime factors of 128951670?
2, 3, 5, 19, 226231
List the prime factors of 16393563.
3, 41, 59, 251
List the prime factors of 271052011.
2897, 93563
What are the prime factors of 143344827?
3, 15927203
What are the prime factors of 377606978?
2, 7, 37, 728971
List the prime factors of 59230746.
2, 3, 89, 36973
List the prime factors of 101431076.
2, 47, 211, 2557
List the prime factors of 177534264.
2, 3, 17, 41, 10613
What are the prime factors of 377045237?
7523, 50119
List the prime factors of 1039001120.
2, 5, 163, 39839
What are the prime factors of 198346473?
3, 13, 97, 17477
What are the prime factors of 1453001580?
2, 3, 5, 509, 15859
What are the prime factors of 14250063?
3, 17, 279413
List the prime factors of 154916221.
2377, 65173
What are the prime factors of 45125615?
5, 31, 347, 839
List the prime factors of 77925793.
11, 7084163
What are the prime factors of 601938721?
601938721
What are the prime factors of 62314648?
2, 11, 349, 2029
What are the prime factors of 45075374?
2, 22537687
What are the prime factors of 95069705?
5, 487, 39043
What are the prime factors of 114381753?
3, 307, 124193
What are the prime factors of 222185142?
2, 3, 2417, 5107
What are the prime factors of 77350462?
2, 7, 653, 8461
List the prime factors of 434772818.
2, 23, 97, 139, 701
List the prime factors of 291628970.
2, 5, 89, 327673
List the prime factors of 20808778.
2, 883, 11783
List the prime factors of 1699563931.
13, 1373, 95219
List the prime factors of 785408200.
2, 5, 157, 25013
What are the prime factors of 915974479?
7, 37, 71, 49811
What are the prime factors of 637547621?
47, 13564843
What are the prime factors of 230281465?
5, 46056293
List the prime factors of 46263174.
2, 3, 71, 131, 829
What are the prime factors of 1920519267?
3, 640173089
What are the prime factors of 987148247?
23, 499, 86011
List the prime factors of 65913617.
7, 11, 856021
List the prime factors of 36172525.
5, 1446901
What are the prime factors of 84310400?
2, 5, 26347
What are the prime factors of 17201577?
3, 47, 121997
List the prime factors of 3473483486.
2, 11, 17, 546317
List the prime factors of 1192841848.
2, 11, 13555021
What are the prime factors of 1095804971?
73, 79, 139, 1367
List the prime factors of 380852045.
5, 7, 47, 127, 1823
What are the prime factors of 3158303723?
3158303723
List the prime factors of 1278004533.
3, 13, 103, 24473
What are the prime factors of 634952468?
2, 109, 1456313
List the prime factors of 58501869.
3, 19500623
List the prime factors of 901691467.
43, 1811, 11579
List the prime factors of 188988643.
17, 107, 971
List the prime factors of 685250079.
3, 277, 824609
What are the prime factors of 66124440?
2, 3, 5, 83, 2213
List the prime factors of 2427844871.
19, 127781309
List the prime factors of 2849565002.
2, 173, 8235737
What are the prime factors of 5176679240?
2, 5, 129416981
List the prime factors of 1304087654.
2, 10211, 63857
List the prime factors of 22833525.
3, 5, 11, 13, 2129
List the prime factors of 17801204.
2, 4450301
What are the prime factors of 8673502?
2, 17, 71, 3593
List the prime factors of 26342168.
2, 139, 23689
List the prime factors of 46989673.
46989673
List the prime factors of 7944759348.
2, 3, 983, 673513
What are the prime factors of 325681545?
3, 5, 7, 3101729
List the prime factors of 21539671.
21539671
What are the prime factors of 30645578?
2, 2339, 6551
What are the prime factors of 205617382?
2, 109, 943199
List the prime factors of 1226180804.
2, 79, 101, 103, 373
What are the prime factors of 303859441?
53, 269, 21313
List the prime factors of 538812157.
13, 41447089
List the prime factors of 421363666.
2, 17, 113, 109673
List the prime factors of 43758084.
2, 3, 3646507
List the prime factors of 3782354988.
2, 3, 4423, 71263
List the prime factors of 6512166640.
2, 5, 7, 23, 72229
List the prime factors of 213952109.
7, 269, 113623
List the prime factors of 357062942.
2, 13109, 13619
List the prime factors of 14292022.
2, 709, 10079
What are the prime factors of 329144367?
3, 109714789
What are the prime factors of 143575740?
2, 3, 5, 7, 11, 1151
List the prime factors of 3184376814.
2, 3, 911, 21577
What are the prime factors of 73903155?
3, 5, 449, 10973
List the prime factors of 4107684652.
2, 53, 19375871
What are the prime factors of 84328806?
2, 3, 17, 826753
What are the prime factors of 2436323171?
2436323171
What are the prime factors of 3416134417?
47, 72683711
List the prime factors of 29207960.
2, 5, 730199
What are the prime factors of 21504672?
2, 3, 7, 10667
List the prime factors of 1060785690.
2, 3, 5, 35359523
List the prime factors of 5206438066.
2, 47, 55387639
What are the prime factors of 86714031?
3, 29, 673, 1481
List the prime factors of 86103427.
73, 1179499
List the prime factors of 3077729046.
2, 3, 7, 24426421
List the prime factors of 2243559376.
2, 521, 269141
What are the prime factors of 455436921?
3, 389, 390263
List the prime factors of 174955660.
2, 5, 11, 795253
What are the prime factors of 11755219?
7, 59, 28463
List the prime factors of 95918115.
3, 5, 2357, 2713
What are the prime factors of 54806836?
2, 7, 839, 2333
List the prime factors of 6537713357.
7, 933959051
List the prime factors of 615667346.
2, 7, 37, 239, 4973
What are the prime factors of 313154674?
2, 7, 811, 27581
What are the prime factors of 149764779?
3, 16640531
List th